{"id":2322,"date":"2019-10-07T12:48:02","date_gmt":"2019-10-07T11:48:02","guid":{"rendered":"http:\/\/paz-a-pas.ensfea.fr\/?page_id=2322"},"modified":"2020-09-02T15:47:42","modified_gmt":"2020-09-02T14:47:42","slug":"veille-scientifique-et-technique","status":"publish","type":"page","link":"https:\/\/paz-a-pas.ensfea.fr\/?page_id=2322","title":{"rendered":"Veille scientifique et technique"},"content":{"rendered":"\n<p style=\"font-size:19px\">Le r\u00e9seau \u00e9levage port\u00e9 par la DGER est anim\u00e9 par Emmanuelle Zanchi et Herv\u00e9 Longy<\/p>\n\n\n\n<p style=\"font-size:19px\">Les missions du R\u00e9seau Elevage sont de favoriser des projets, actions innovantes dans les \u00e9tablissements, de valoriser les exp\u00e9riences de ces \u00e9tablissements, de d\u00e9velopper les partenariats, de diffuser des informations et de contribuer \u00e0 la formation et \u00e0 la mutualisation des comp\u00e9tences des personnels.<\/p>\n\n\n\n<p class=\"has-large-font-size\">Veille scientifique, technique et \u00e9ducative du r\u00e9seau \u00e9levage<\/p>\n\n\n\n<div class=\"wp-block-image\"><figure class=\"aligncenter size-large\"><img loading=\"lazy\" decoding=\"async\" width=\"800\" height=\"127\" src=\"http:\/\/paz-a-pas.ensfea.fr\/wp-content\/uploads\/sites\/6\/2019\/10\/Veille-r\u00e9seau-\u00e9levage.png\" alt=\"\" class=\"wp-image-2323\" srcset=\"https:\/\/paz-a-pas.ensfea.fr\/wp-content\/uploads\/sites\/6\/2019\/10\/Veille-r\u00e9seau-\u00e9levage.png 800w, https:\/\/paz-a-pas.ensfea.fr\/wp-content\/uploads\/sites\/6\/2019\/10\/Veille-r\u00e9seau-\u00e9levage-300x48.png 300w, https:\/\/paz-a-pas.ensfea.fr\/wp-content\/uploads\/sites\/6\/2019\/10\/Veille-r\u00e9seau-\u00e9levage-768x122.png 768w\" sizes=\"auto, (max-width: 800px) 100vw, 800px\" \/><\/figure><\/div>\n\n\n\n<p class=\"has-medium-font-size\"><strong>Actualit\u00e9s du r\u00e9seau \u00e9levage via Twitter<\/strong><\/p>\n\n\n\n<p class=\"has-medium-font-size\"><strong><a href=\"https:\/\/twitter.com\/reseauelevage\">@<strong>reseauelevage<\/strong><\/a><\/strong><\/p>\n","protected":false},"excerpt":{"rendered":"<p>Le r\u00e9seau \u00e9levage port\u00e9 par la DGER est anim\u00e9 par Emmanuelle Zanchi et Herv\u00e9 Longy Les missions du R\u00e9seau Elevage [&hellip;]<\/p>\n","protected":false},"author":49,"featured_media":0,"parent":2093,"menu_order":1,"comment_status":"closed","ping_status":"closed","template":"","meta":{"footnotes":""},"class_list":["post-2322","page","type-page","status-publish","hentry"],"_links":{"self":[{"href":"https:\/\/paz-a-pas.ensfea.fr\/index.php?rest_route=\/wp\/v2\/pages\/2322","targetHints":{"allow":["GET"]}}],"collection":[{"href":"https:\/\/paz-a-pas.ensfea.fr\/index.php?rest_route=\/wp\/v2\/pages"}],"about":[{"href":"https:\/\/paz-a-pas.ensfea.fr\/index.php?rest_route=\/wp\/v2\/types\/page"}],"author":[{"embeddable":true,"href":"https:\/\/paz-a-pas.ensfea.fr\/index.php?rest_route=\/wp\/v2\/users\/49"}],"replies":[{"embeddable":true,"href":"https:\/\/paz-a-pas.ensfea.fr\/index.php?rest_route=%2Fwp%2Fv2%2Fcomments&post=2322"}],"version-history":[{"count":3,"href":"https:\/\/paz-a-pas.ensfea.fr\/index.php?rest_route=\/wp\/v2\/pages\/2322\/revisions"}],"predecessor-version":[{"id":2948,"href":"https:\/\/paz-a-pas.ensfea.fr\/index.php?rest_route=\/wp\/v2\/pages\/2322\/revisions\/2948"}],"up":[{"embeddable":true,"href":"https:\/\/paz-a-pas.ensfea.fr\/index.php?rest_route=\/wp\/v2\/pages\/2093"}],"wp:attachment":[{"href":"https:\/\/paz-a-pas.ensfea.fr\/index.php?rest_route=%2Fwp%2Fv2%2Fmedia&parent=2322"}],"curies":[{"name":"wp","href":"https:\/\/api.w.org\/{rel}","templated":true}]}}