{"id":2150,"date":"2018-09-17T14:34:04","date_gmt":"2018-09-17T13:34:04","guid":{"rendered":"http:\/\/paz-a-pas.ensfea.fr\/?page_id=2150"},"modified":"2020-09-03T07:10:47","modified_gmt":"2020-09-03T06:10:47","slug":"mini-stage-quels-apprentissages","status":"publish","type":"page","link":"https:\/\/paz-a-pas.ensfea.fr\/?page_id=2150","title":{"rendered":"Mini-stage, quels apprentissages ?"},"content":{"rendered":"\n<p style=\"font-size:19px\">Les mini-stages sont fr\u00e9quemment mis en \u0153uvre dans les EPL. Pour autant, leur valorisation p\u00e9dagogique est souvent limit\u00e9e\u00a0: quelle utilisation r\u00e9elle par les enseignants\u00a0? Quelle pr\u00e9paration au mini-stage\u00a0? Quelle valorisation\u00a0?<\/p>\n\n\n\n<p style=\"font-size:19px\">Nous vous proposons d\u2019identifier les enjeux de ces mini-stages et d\u2019explorer une m\u00e9thodologie afin d\u2019int\u00e9grer pleinement les mini-stages dans le processus d\u2019apprentissage.<\/p>\n\n\n\n<p style=\"font-size:19px\">Vous pouvez\u00a0 :<\/p>\n\n\n<style>.wp-block-kadence-iconlist.kt-svg-icon-list-items_e783b8-10:not(.this-stops-third-party-issues){margin-top:0px;margin-bottom:0px;}.wp-block-kadence-iconlist.kt-svg-icon-list-items_e783b8-10 ul.kt-svg-icon-list:not(.this-prevents-issues):not(.this-stops-third-party-issues):not(.tijsloc){margin-top:0px;margin-right:0px;margin-bottom:var(--global-kb-spacing-sm, 1.5rem);margin-left:0px;}.wp-block-kadence-iconlist.kt-svg-icon-list-items_e783b8-10 ul.kt-svg-icon-list{grid-row-gap:10px;}.wp-block-kadence-iconlist.kt-svg-icon-list-items_e783b8-10 ul.kt-svg-icon-list .kt-svg-icon-list-item-wrap .kt-svg-icon-list-single{margin-right:10px;}.kt-svg-icon-list-items_e783b8-10 ul.kt-svg-icon-list .kt-svg-icon-list-item-wrap, .kt-svg-icon-list-items_e783b8-10 ul.kt-svg-icon-list .kt-svg-icon-list-item-wrap a{font-size:1.1em;}.kt-svg-icon-list-items_e783b8-10 ul.kt-svg-icon-list .kt-svg-icon-list-level-0 .kt-svg-icon-list-single svg{font-size:20px;}.kt-svg-icon-list-items_e783b8-10 ul.kt-svg-icon-list .kt-svg-icon-list-level-1 .kt-svg-icon-list-single svg{font-size:20px;}<\/style>\n<div class=\"wp-block-kadence-iconlist kt-svg-icon-list-items kt-svg-icon-list-items_e783b8-10 kt-svg-icon-list-columns-1 alignnone\"><ul class=\"kt-svg-icon-list\"><li class=\"kt-svg-icon-list-style-default kt-svg-icon-list-item-wrap kt-svg-icon-list-item-0\"><div style=\"display:inline-flex;justify-content:center;align-items:center;color:#007a77\" class=\"kt-svg-icon-list-single kt-svg-icon-list-single-fe_checkCircle\"><svg style=\"display:inline-block;vertical-align:middle\" viewbox=\"0 0 24 24\" height=\"20\" width=\"20\" fill=\"none\" stroke=\"currentColor\" xmlns=\"http:\/\/www.w3.org\/2000\/svg\" stroke-width=\"2\" stroke-linecap=\"round\" stroke-linejoin=\"round\"><path d=\"M22 11.08V12a10 10 0 1 1-5.93-9.14\"><\/path><polyline points=\"22 4 12 14.01 9 11.01\"><\/polyline><\/svg><\/div><span class=\"kt-svg-icon-list-text\">naviguer sur le site internet pour d\u00e9couvrir<a href=\"http:\/\/paz-a-pas.ensfea.fr\/?page_id=2167\"> les enjeux des mini-stages<\/a> et une<a href=\"http:\/\/paz-a-pas.ensfea.fr\/?page_id=2161\"> proposition de m\u00e9thodologie pour les inscrire dans le processus d\u2019apprentissage<\/a><\/span><\/li><li class=\"kt-svg-icon-list-style-default kt-svg-icon-list-item-wrap kt-svg-icon-list-item-1\"><div style=\"display:inline-flex;justify-content:center;align-items:center;color:#007a77\" class=\"kt-svg-icon-list-single kt-svg-icon-list-single-fe_checkCircle\"><svg style=\"display:inline-block;vertical-align:middle\" viewbox=\"0 0 24 24\" height=\"20\" width=\"20\" fill=\"none\" stroke=\"currentColor\" xmlns=\"http:\/\/www.w3.org\/2000\/svg\" stroke-width=\"2\" stroke-linecap=\"round\" stroke-linejoin=\"round\"><path d=\"M22 11.08V12a10 10 0 1 1-5.93-9.14\"><\/path><polyline points=\"22 4 12 14.01 9 11.01\"><\/polyline><\/svg><\/div><span class=\"kt-svg-icon-list-text\">t\u00e9l\u00e9charger la synth\u00e8se \u00e9crite : <a href=\"http:\/\/paz-a-pas.ensfea.fr\/wp-content\/uploads\/sites\/6\/2018\/09\/mini-stages-GAP.pdf\">mini-stages GAP<\/a><\/span><\/li><\/ul><\/div>\n","protected":false},"excerpt":{"rendered":"<p>Les mini-stages sont fr\u00e9quemment mis en \u0153uvre dans les EPL. Pour autant, leur valorisation p\u00e9dagogique est souvent limit\u00e9e\u00a0: quelle utilisation [&hellip;]<\/p>\n","protected":false},"author":49,"featured_media":0,"parent":2095,"menu_order":9,"comment_status":"closed","ping_status":"closed","template":"","meta":{"footnotes":""},"class_list":["post-2150","page","type-page","status-publish","hentry"],"_links":{"self":[{"href":"https:\/\/paz-a-pas.ensfea.fr\/index.php?rest_route=\/wp\/v2\/pages\/2150","targetHints":{"allow":["GET"]}}],"collection":[{"href":"https:\/\/paz-a-pas.ensfea.fr\/index.php?rest_route=\/wp\/v2\/pages"}],"about":[{"href":"https:\/\/paz-a-pas.ensfea.fr\/index.php?rest_route=\/wp\/v2\/types\/page"}],"author":[{"embeddable":true,"href":"https:\/\/paz-a-pas.ensfea.fr\/index.php?rest_route=\/wp\/v2\/users\/49"}],"replies":[{"embeddable":true,"href":"https:\/\/paz-a-pas.ensfea.fr\/index.php?rest_route=%2Fwp%2Fv2%2Fcomments&post=2150"}],"version-history":[{"count":9,"href":"https:\/\/paz-a-pas.ensfea.fr\/index.php?rest_route=\/wp\/v2\/pages\/2150\/revisions"}],"predecessor-version":[{"id":2939,"href":"https:\/\/paz-a-pas.ensfea.fr\/index.php?rest_route=\/wp\/v2\/pages\/2150\/revisions\/2939"}],"up":[{"embeddable":true,"href":"https:\/\/paz-a-pas.ensfea.fr\/index.php?rest_route=\/wp\/v2\/pages\/2095"}],"wp:attachment":[{"href":"https:\/\/paz-a-pas.ensfea.fr\/index.php?rest_route=%2Fwp%2Fv2%2Fmedia&parent=2150"}],"curies":[{"name":"wp","href":"https:\/\/api.w.org\/{rel}","templated":true}]}}

<p style="font-size:19px">Les mini-stages sont fréquemment mis en œuvre dans les EPL. Pour autant, leur valorisation pédagogique est souvent limitée : quelle utilisation réelle par les enseignants ? Quelle préparation au mini-stage ? Quelle valorisation ?</p>



<p style="font-size:19px">Nous vous proposons d’identifier les enjeux de ces mini-stages et d’explorer une méthodologie afin d’intégrer pleinement les mini-stages dans le processus d’apprentissage.</p>



<p style="font-size:19px">Vous pouvez  :</p>


<style>.wp-block-kadence-iconlist.kt-svg-icon-list-items_e783b8-10:not(.this-stops-third-party-issues){margin-top:0px;margin-bottom:0px;}.wp-block-kadence-iconlist.kt-svg-icon-list-items_e783b8-10 ul.kt-svg-icon-list:not(.this-prevents-issues):not(.this-stops-third-party-issues):not(.tijsloc){margin-top:0px;margin-right:0px;margin-bottom:var(--global-kb-spacing-sm, 1.5rem);margin-left:0px;}.wp-block-kadence-iconlist.kt-svg-icon-list-items_e783b8-10 ul.kt-svg-icon-list{grid-row-gap:10px;}.wp-block-kadence-iconlist.kt-svg-icon-list-items_e783b8-10 ul.kt-svg-icon-list .kt-svg-icon-list-item-wrap .kt-svg-icon-list-single{margin-right:10px;}.kt-svg-icon-list-items_e783b8-10 ul.kt-svg-icon-list .kt-svg-icon-list-item-wrap, .kt-svg-icon-list-items_e783b8-10 ul.kt-svg-icon-list .kt-svg-icon-list-item-wrap a{font-size:1.1em;}.kt-svg-icon-list-items_e783b8-10 ul.kt-svg-icon-list .kt-svg-icon-list-level-0 .kt-svg-icon-list-single svg{font-size:20px;}.kt-svg-icon-list-items_e783b8-10 ul.kt-svg-icon-list .kt-svg-icon-list-level-1 .kt-svg-icon-list-single svg{font-size:20px;}</style>
<div class="wp-block-kadence-iconlist kt-svg-icon-list-items kt-svg-icon-list-items_e783b8-10 kt-svg-icon-list-columns-1 alignnone"><ul class="kt-svg-icon-list"><li class="kt-svg-icon-list-style-default kt-svg-icon-list-item-wrap kt-svg-icon-list-item-0"><div style="display:inline-flex;justify-content:center;align-items:center;color:#007a77" class="kt-svg-icon-list-single kt-svg-icon-list-single-fe_checkCircle"><svg style="display:inline-block;vertical-align:middle" viewbox="0 0 24 24" height="20" width="20" fill="none" stroke="currentColor" xmlns="http://www.w3.org/2000/svg" stroke-width="2" stroke-linecap="round" stroke-linejoin="round"><path d="M22 11.08V12a10 10 0 1 1-5.93-9.14"></path><polyline points="22 4 12 14.01 9 11.01"></polyline></svg></div><span class="kt-svg-icon-list-text">naviguer sur le site internet pour découvrir<a href="http://paz-a-pas.ensfea.fr/?page_id=2167"> les enjeux des mini-stages</a> et une<a href="http://paz-a-pas.ensfea.fr/?page_id=2161"> proposition de méthodologie pour les inscrire dans le processus d’apprentissage</a></span></li><li class="kt-svg-icon-list-style-default kt-svg-icon-list-item-wrap kt-svg-icon-list-item-1"><div style="display:inline-flex;justify-content:center;align-items:center;color:#007a77" class="kt-svg-icon-list-single kt-svg-icon-list-single-fe_checkCircle"><svg style="display:inline-block;vertical-align:middle" viewbox="0 0 24 24" height="20" width="20" fill="none" stroke="currentColor" xmlns="http://www.w3.org/2000/svg" stroke-width="2" stroke-linecap="round" stroke-linejoin="round"><path d="M22 11.08V12a10 10 0 1 1-5.93-9.14"></path><polyline points="22 4 12 14.01 9 11.01"></polyline></svg></div><span class="kt-svg-icon-list-text">télécharger la synthèse écrite : <a href="http://paz-a-pas.ensfea.fr/wp-content/uploads/sites/6/2018/09/mini-stages-GAP.pdf">mini-stages GAP</a></span></li></ul></div>

<p>Les mini-stages sont fréquemment mis en œuvre dans les EPL. Pour autant, leur valorisation pédagogique est souvent limitée : quelle utilisation [&hellip;]</p>
