{"id":1096,"date":"2014-07-09T14:15:55","date_gmt":"2014-07-09T13:15:55","guid":{"rendered":"http:\/\/paz-a-pas.ensfea.fr\/?page_id=1096"},"modified":"2020-09-03T09:10:48","modified_gmt":"2020-09-03T08:10:48","slug":"thematiques-liees-aux-activites-hippiques","status":"publish","type":"page","link":"https:\/\/paz-a-pas.ensfea.fr\/?page_id=1096","title":{"rendered":"Th\u00e9matiques li\u00e9es aux activit\u00e9s hippiques"},"content":{"rendered":"<style>#kt-layout-id_885c65-d7 > .kt-row-column-wrap{align-content:start;}:where(#kt-layout-id_885c65-d7 > .kt-row-column-wrap) > .wp-block-kadence-column{justify-content:start;}#kt-layout-id_885c65-d7 > .kt-row-column-wrap{column-gap:var(--global-kb-gap-md, 2rem);row-gap:var(--global-kb-gap-md, 2rem);padding-top:var( --global-kb-row-default-top, 25px );padding-bottom:var( --global-kb-row-default-bottom, 25px );padding-top:var(--global-kb-spacing-sm, 1.5rem);padding-bottom:var(--global-kb-spacing-sm, 1.5rem);}#kt-layout-id_885c65-d7 > .kt-row-column-wrap > div:not(.added-for-specificity){grid-column:initial;}#kt-layout-id_885c65-d7 > .kt-row-column-wrap{grid-template-columns:repeat(4, minmax(0, 1fr));}#kt-layout-id_885c65-d7 > .kt-row-layout-overlay{opacity:0.30;}@media all and (max-width: 1024px){#kt-layout-id_885c65-d7 > .kt-row-column-wrap > div:not(.added-for-specificity){grid-column:initial;}}@media all and (max-width: 1024px){#kt-layout-id_885c65-d7 > .kt-row-column-wrap{grid-template-columns:repeat(4, minmax(0, 1fr));}}@media all and (max-width: 767px){#kt-layout-id_885c65-d7 > .kt-row-column-wrap > div:not(.added-for-specificity){grid-column:initial;}#kt-layout-id_885c65-d7 > .kt-row-column-wrap{grid-template-columns:minmax(0, 1fr);}}<\/style>\n<div class=\"wp-block-kadence-rowlayout alignnone\"><div id=\"kt-layout-id_885c65-d7\" class=\"kt-row-layout-inner kt-layout-id_885c65-d7\"><div class=\"kt-row-column-wrap kt-has-4-columns kt-gutter-default kt-v-gutter-default kt-row-valign-top kt-row-layout-equal kt-tab-layout-inherit kt-m-colapse-left-to-right kt-mobile-layout-row\"><style>.kadence-column_b05503-69 > .kt-inside-inner-col{border-top-width:0px;border-right-width:0px;border-bottom-width:0px;border-left-width:0px;}.kadence-column_b05503-69 > .kt-inside-inner-col,.kadence-column_b05503-69 > .kt-inside-inner-col:before{border-top-left-radius:0px;border-top-right-radius:0px;border-bottom-right-radius:0px;border-bottom-left-radius:0px;}.kadence-column_b05503-69 > .kt-inside-inner-col{column-gap:var(--global-kb-gap-sm, 1rem);}.kadence-column_b05503-69 > .kt-inside-inner-col{flex-direction:column;}.kadence-column_b05503-69 > .kt-inside-inner-col > .aligncenter{width:100%;}.kadence-column_b05503-69 > .kt-inside-inner-col:before{opacity:0.3;}.kadence-column_b05503-69{position:relative;}@media all and (max-width: 1024px){.kadence-column_b05503-69 > .kt-inside-inner-col{flex-direction:column;justify-content:center;}}@media all and (max-width: 767px){.kadence-column_b05503-69 > .kt-inside-inner-col{flex-direction:column;justify-content:center;}}<\/style>\n<div class=\"wp-block-kadence-column inner-column-1 kadence-column_b05503-69\"><div class=\"kt-inside-inner-col\">\n<p class=\"has-medium-font-size\"><strong>Th\u00e9matiques<\/strong><\/p>\n\n\n<style>.wp-block-kadence-spacer.kt-block-spacer-_d7437f-af .kt-block-spacer{height:120px;}.wp-block-kadence-spacer.kt-block-spacer-_d7437f-af .kt-divider{border-top-width:1px;height:1px;border-top-color:#eee;width:80%;border-top-style:solid;}<\/style>\n<div class=\"wp-block-kadence-spacer aligncenter kt-block-spacer-_d7437f-af\"><div class=\"kt-block-spacer kt-block-spacer-halign-center\" style=\"height:120px\"><\/div><\/div>\n\n\n\n<p style=\"font-size:19px\"><strong><strong>Suivi m\u00e9dico-sportif<\/strong><\/strong><\/p>\n\n\n<style>.wp-block-kadence-spacer.kt-block-spacer-_e4bcc6-3d .kt-block-spacer{height:180px;}.wp-block-kadence-spacer.kt-block-spacer-_e4bcc6-3d .kt-divider{border-top-width:1px;height:1px;border-top-color:#eee;width:80%;border-top-style:solid;}<\/style>\n<div class=\"wp-block-kadence-spacer aligncenter kt-block-spacer-_e4bcc6-3d\"><div class=\"kt-block-spacer kt-block-spacer-halign-center\" style=\"height:180px\"><\/div><\/div>\n\n\n\n<p style=\"font-size:19px\"><strong><strong><strong>Pr\u00e9sentation aux concours mod\u00e8le et allures<\/strong><\/strong><\/strong><\/p>\n<\/div><\/div>\n\n\n<style>.kadence-column_78c97e-10 > .kt-inside-inner-col{border-top-width:0px;border-right-width:0px;border-bottom-width:0px;border-left-width:0px;}.kadence-column_78c97e-10 > .kt-inside-inner-col,.kadence-column_78c97e-10 > .kt-inside-inner-col:before{border-top-left-radius:0px;border-top-right-radius:0px;border-bottom-right-radius:0px;border-bottom-left-radius:0px;}.kadence-column_78c97e-10 > .kt-inside-inner-col{column-gap:var(--global-kb-gap-sm, 1rem);}.kadence-column_78c97e-10 > .kt-inside-inner-col{flex-direction:column;}.kadence-column_78c97e-10 > .kt-inside-inner-col > .aligncenter{width:100%;}.kadence-column_78c97e-10 > .kt-inside-inner-col:before{opacity:0.3;}.kadence-column_78c97e-10{position:relative;}@media all and (max-width: 1024px){.kadence-column_78c97e-10 > .kt-inside-inner-col{flex-direction:column;justify-content:center;}}@media all and (max-width: 767px){.kadence-column_78c97e-10 > .kt-inside-inner-col{flex-direction:column;justify-content:center;}}<\/style>\n<div class=\"wp-block-kadence-column inner-column-2 kadence-column_78c97e-10\"><div class=\"kt-inside-inner-col\">\n<p class=\"has-medium-font-size\"><strong><strong>Indications de capacit\u00e9s pouvant \u00eatre travaill\u00e9es<\/strong><\/strong><\/p>\n\n\n<style>.wp-block-kadence-spacer.kt-block-spacer-_1f7406-6e .kt-block-spacer{height:6px;}.wp-block-kadence-spacer.kt-block-spacer-_1f7406-6e .kt-divider{border-top-width:1px;height:1px;border-top-color:#eee;width:80%;border-top-style:solid;}<\/style>\n<div class=\"wp-block-kadence-spacer aligncenter kt-block-spacer-_1f7406-6e\"><div class=\"kt-block-spacer kt-block-spacer-halign-center\" style=\"height:6px\"><\/div><\/div>\n\n\n\n<p style=\"font-size:19px\">\u2013 EC d\u2019utiliser le mat\u00e9riel de suivi m\u00e9dico-sportif<\/p>\n\n\n<style>.wp-block-kadence-spacer.kt-block-spacer-_7e167c-8e .kt-block-spacer{height:6px;}.wp-block-kadence-spacer.kt-block-spacer-_7e167c-8e .kt-divider{border-top-width:1px;height:1px;border-top-color:#eee;width:80%;border-top-style:solid;}<\/style>\n<div class=\"wp-block-kadence-spacer aligncenter kt-block-spacer-_7e167c-8e\"><div class=\"kt-block-spacer kt-block-spacer-halign-center\" style=\"height:6px\"><\/div><\/div>\n\n\n\n<p style=\"font-size:19px\">\u2013 EC d\u2019adapter un programme d\u2019entra\u00eenement en fonction des r\u00e9sultats obtenus<\/p>\n\n\n<style>.wp-block-kadence-spacer.kt-block-spacer-_33c709-ad .kt-block-spacer{height:30px;}.wp-block-kadence-spacer.kt-block-spacer-_33c709-ad .kt-divider{border-top-width:1px;height:1px;border-top-color:#eee;width:80%;border-top-style:solid;}<\/style>\n<div class=\"wp-block-kadence-spacer aligncenter kt-block-spacer-_33c709-ad\"><div class=\"kt-block-spacer kt-block-spacer-halign-center\" style=\"height:30px\"><\/div><\/div>\n\n\n\n<p style=\"font-size:19px\">\u2013 EC de r\u00e9aliser les diff\u00e9rentes techniques de pr\u00e9sentation<\/p>\n\n\n\n<p style=\"font-size:19px\">\u2013 EC d\u2019entra\u00eener un cheval aux diff\u00e9rentes techniques de pr\u00e9sentation \u2026<\/p>\n<\/div><\/div>\n\n\n<style>.kadence-column_1d306d-f0 > .kt-inside-inner-col{border-top-width:0px;border-right-width:0px;border-bottom-width:0px;border-left-width:0px;}.kadence-column_1d306d-f0 > .kt-inside-inner-col,.kadence-column_1d306d-f0 > .kt-inside-inner-col:before{border-top-left-radius:0px;border-top-right-radius:0px;border-bottom-right-radius:0px;border-bottom-left-radius:0px;}.kadence-column_1d306d-f0 > .kt-inside-inner-col{column-gap:var(--global-kb-gap-sm, 1rem);}.kadence-column_1d306d-f0 > .kt-inside-inner-col{flex-direction:column;}.kadence-column_1d306d-f0 > .kt-inside-inner-col > .aligncenter{width:100%;}.kadence-column_1d306d-f0 > .kt-inside-inner-col:before{opacity:0.3;}.kadence-column_1d306d-f0{position:relative;}@media all and (max-width: 1024px){.kadence-column_1d306d-f0 > .kt-inside-inner-col{flex-direction:column;justify-content:center;}}@media all and (max-width: 767px){.kadence-column_1d306d-f0 > .kt-inside-inner-col{flex-direction:column;justify-content:center;}}<\/style>\n<div class=\"wp-block-kadence-column inner-column-3 kadence-column_1d306d-f0\"><div class=\"kt-inside-inner-col\">\n<p class=\"has-medium-font-size\"><strong><strong>Indication d\u2019activit\u00e9s \u00e0 r\u00e9aliser lors de la s\u00e9ance<\/strong><\/strong><\/p>\n\n\n<style>.wp-block-kadence-spacer.kt-block-spacer-_398cfa-f3 .kt-block-spacer{height:6px;}.wp-block-kadence-spacer.kt-block-spacer-_398cfa-f3 .kt-divider{border-top-width:1px;height:1px;border-top-color:#eee;width:80%;border-top-style:solid;}<\/style>\n<div class=\"wp-block-kadence-spacer aligncenter kt-block-spacer-_398cfa-f3\"><div class=\"kt-block-spacer kt-block-spacer-halign-center\" style=\"height:6px\"><\/div><\/div>\n\n\n\n<p style=\"font-size:19px\">\u2013 utiliser des cardio-fr\u00e9quencem\u00e8tres et des GPS et des logiciels associ\u00e9s<\/p>\n\n\n\n<p style=\"font-size:19px\">\u2013 interpr\u00e9ter des r\u00e9sultats- d\u00e9terminer des programmes d\u2019entra\u00eenement<\/p>\n\n\n<style>.wp-block-kadence-spacer.kt-block-spacer-_bdaa7a-cf .kt-block-spacer{height:50px;}.wp-block-kadence-spacer.kt-block-spacer-_bdaa7a-cf .kt-divider{border-top-width:1px;height:1px;border-top-color:#eee;width:80%;border-top-style:solid;}<\/style>\n<div class=\"wp-block-kadence-spacer aligncenter kt-block-spacer-_bdaa7a-cf\"><div class=\"kt-block-spacer kt-block-spacer-halign-center\" style=\"height:50px\"><\/div><\/div>\n\n\n\n<p style=\"font-size:19px\">\u2013 mettre en \u0153uvre plusieurs techniques de pr\u00e9sentation<\/p>\n<\/div><\/div>\n\n\n<style>.kadence-column_5ab48c-92 > .kt-inside-inner-col{border-top-width:0px;border-right-width:0px;border-bottom-width:0px;border-left-width:0px;}.kadence-column_5ab48c-92 > .kt-inside-inner-col,.kadence-column_5ab48c-92 > .kt-inside-inner-col:before{border-top-left-radius:0px;border-top-right-radius:0px;border-bottom-right-radius:0px;border-bottom-left-radius:0px;}.kadence-column_5ab48c-92 > .kt-inside-inner-col{column-gap:var(--global-kb-gap-sm, 1rem);}.kadence-column_5ab48c-92 > .kt-inside-inner-col{flex-direction:column;}.kadence-column_5ab48c-92 > .kt-inside-inner-col > .aligncenter{width:100%;}.kadence-column_5ab48c-92 > .kt-inside-inner-col:before{opacity:0.3;}.kadence-column_5ab48c-92{position:relative;}@media all and (max-width: 1024px){.kadence-column_5ab48c-92 > .kt-inside-inner-col{flex-direction:column;justify-content:center;}}@media all and (max-width: 767px){.kadence-column_5ab48c-92 > .kt-inside-inner-col{flex-direction:column;justify-content:center;}}<\/style>\n<div class=\"wp-block-kadence-column inner-column-4 kadence-column_5ab48c-92\"><div class=\"kt-inside-inner-col\">\n<p class=\"has-medium-font-size\"><strong>Commentaires<\/strong><\/p>\n<\/div><\/div>\n<\/div><\/div><\/div>\n","protected":false},"excerpt":{"rendered":"<p>Th\u00e9matiques Suivi m\u00e9dico-sportif Pr\u00e9sentation aux concours mod\u00e8le et allures Indications de capacit\u00e9s pouvant \u00eatre travaill\u00e9es \u2013 EC d\u2019utiliser le mat\u00e9riel [&hellip;]<\/p>\n","protected":false},"author":49,"featured_media":0,"parent":485,"menu_order":5,"comment_status":"closed","ping_status":"closed","template":"","meta":{"footnotes":""},"class_list":["post-1096","page","type-page","status-publish","hentry"],"_links":{"self":[{"href":"https:\/\/paz-a-pas.ensfea.fr\/index.php?rest_route=\/wp\/v2\/pages\/1096","targetHints":{"allow":["GET"]}}],"collection":[{"href":"https:\/\/paz-a-pas.ensfea.fr\/index.php?rest_route=\/wp\/v2\/pages"}],"about":[{"href":"https:\/\/paz-a-pas.ensfea.fr\/index.php?rest_route=\/wp\/v2\/types\/page"}],"author":[{"embeddable":true,"href":"https:\/\/paz-a-pas.ensfea.fr\/index.php?rest_route=\/wp\/v2\/users\/49"}],"replies":[{"embeddable":true,"href":"https:\/\/paz-a-pas.ensfea.fr\/index.php?rest_route=%2Fwp%2Fv2%2Fcomments&post=1096"}],"version-history":[{"count":13,"href":"https:\/\/paz-a-pas.ensfea.fr\/index.php?rest_route=\/wp\/v2\/pages\/1096\/revisions"}],"predecessor-version":[{"id":2990,"href":"https:\/\/paz-a-pas.ensfea.fr\/index.php?rest_route=\/wp\/v2\/pages\/1096\/revisions\/2990"}],"up":[{"embeddable":true,"href":"https:\/\/paz-a-pas.ensfea.fr\/index.php?rest_route=\/wp\/v2\/pages\/485"}],"wp:attachment":[{"href":"https:\/\/paz-a-pas.ensfea.fr\/index.php?rest_route=%2Fwp%2Fv2%2Fmedia&parent=1096"}],"curies":[{"name":"wp","href":"https:\/\/api.w.org\/{rel}","templated":true}]}}